?
9
Let w(v) = 18*v**3 + 116*v**2 - 737*v - 29. Give w(4).
31
Let v(n) = -4*n**3 + 901*n**2 + 659*n + 1394. Determine v(226).
-2900
Let q(w) = 5188*w - 2127086. Determine q(410).
-6
Let r(s) = 13854*s - 443325. Determine r(32).
3
Let j(s) = -s**2 - 68*s - 726. Give j(-68).
-726
Let g(t) = 4*t**2 + 111*t + 495. What is g(-10)?
-215
Let w(b) = b**3 - 28*b**2 - 4417*b - 367. Give w(82).
535
Let u(o) = -o**3 + 97*o**2 + 4482*o - 3681. Give u(131).
-13
Let o(s) = 540*s - 22324. Give o(40).
-724
Let u(s) = 295*s + 12679. Determine u(-43).
-6
Let g(f) = -f**2 - 114*f + 4677. What is g(-146)?
5
Let v(y) = -y**2 + 114*y - 2463. What is v(84)?
57
Let n(i) = 19209*i + 96085. Calculate n(-5).
40
Let q(r) = 2009*r - 12411. Calculate q(7).
1652
Let b(r) = -2*r**2 + 1320*r - 39531. Calculate b(30).
-1731
Let g(o) = -1779*o - 79929. Determine g(-45).
126
Let g(t) = -t**3 + 3*t**2 - t. Calculate g(2).
2
Let r(n) = -427*n - 2315. Give r(-5).
-180
Let u(c) = -1120*c - 10670. Determine u(-10).
530
Let f(g) = 2595*g + 1100336. What is f(-424)?
56
Let m(j) = 21*j**3 - j**2 - 28*j - 37. What is m(-4)?
-1285
Let l(x) = 4495*x + 117272. Calculate l(-26).
402
Let l(m) = 183035*m + 732151. What is l(-4)?
11
Let m(z) = -5349*z - 26673. Give m(-5).
72
Let h(m) = 2*m**2 - 242*m + 6103. What is h(88)?
295
Let a(d) = d**2 - 12*d - 308. Calculate a(30).
232
Let j(w) = -9*w**3 - 846*w**2 - 4*w - 383. What is j(-94)?
-7
Let k(y) = -2*y**3 - 92*y**2 - 278*y - 758. Determine k(-43).
102
Let g(b) = -5*b**3 - 194*b**2 - 444*b + 2145. Give g(-36).
-15
Let o(l) = 2*l**3 - 142*l**2 + 2355*l + 510. Give o(44).
-414
Let w(d) = 33417*d + 568079. Determine w(-17).
-10
Let r(k) = k**3 + 26*k**2 - 93*k - 2129. Calculate r(-27).
-347
Let t(x) = -1580*x**2 - 3163*x + 10. What is t(-2)?
16
Let k(u) = 4*u**2 - 818*u + 3676. Give k(200).
76
Let k(y) = -y**3 - 23*y**2 + 108*y + 3459. What is k(-15)?
39
Let g(d) = 6849*d - 828760. Give g(121).
-31
Let a(c) = -c**2 + 76*c + 329. Determine a(-3).
92
Let x(v) = 271*v**2 + 110570*v + 819. Determine x(-408).
3
Let g(j) = 19*j**3 + 436*j**2 + 12*j - 65. What is g(-23)?
-870
Let u(k) = k**2 - 63887*k - 4989286. What is u(-78)?
-16
Let v(z) = -4409*z - 577574. Calculate v(-131).
5
Let w(s) = -s**2 + 33362*s + 1168907. Give w(-35).
12
Let y(n) = -2*n**3 + 182*n**2 + 1343*n + 161. Determine y(98).
-2681
Let y(w) = -w**3 + 53*w**2 - 617*w - 34. Determine y(16).
-434
Let t(j) = -j**3 - 110*j**2 - 721*j + 157. Give t(-103).
157
Let w(b) = 2432*b - 44769. Calculate w(20).
3871
Let i(g) = g**2 + 115*g - 22759. Give i(104).
17
Let j(f) = 2*f**3 - 8*f**2 + 167*f - 2058. What is j(10)?
812
Let h(u) = 38091*u - 304721. Calculate h(8).
7
Let b(g) = -7357*g - 21618. What is b(-3)?
453
Let p(x) = -x**3 + 162*x**2 - 6500*x + 273. Give p(89).
6
Let p(q) = -q**2 + 644*q + 149313. Calculate p(-181).
-12
Let b(j) = -26679*j + 22650484. Give b(849).
13
Let i(v) = 2228*v - 69144. Calculate i(31).
-76
Let a(f) = -517*f + 3841. Calculate a(8).
-295
Let m(g) = -8525*g - 136405. Determine m(-16).
-5
Let d(t) = 278*t + 29387. Determine d(-106).
-81
Let w(z) = 20477*z + 163813. Give w(-8).
-3
Let s(z) = 20191*z**2 + 80756*z - 35. Calculate s(-4).
-3
Let k(o) = 10370*o - 123887. Give k(12).
553
Let y(b) = 2612*b - 120159. Give y(46).
-7
Let h(g) = 2*g**3 + 19*g**2 - 23377*g + 1582. Give h(-113).
0
Let r(j) = 7*j**3 + 16*j**2 + 74*j - 173. Calculate r(-9).
-4646
Let f(g) = 32*g**2 + 4495*g + 1617. What is f(-140)?
-483
Let c(v) = 5*v**2 + 1523*v - 3060. Give c(2).
6
Let p(f) = f**3 - 19*f**2 + 16*f + 125. What is p(16)?
-387
Let i(w) = -11*w**2 + 356*w + 415. Calculate i(33).
184
Let v(c) = 677*c + 48047. What is v(-71)?
-20
Let w(u) = 1412*u + 44577. Calculate w(-32).
-607
Let a(r) = -r**3 - 127*r**2 + 4349*r + 1400. What is a(-155)?
5
Let u(l) = -3*l**2 - 36*l + 410. Determine u(-23).
-349
Let g(c) = -3*c**3 + 307*c**2 - 103*c + 223. Give g(102).
121
Let a(m) = -m**3 - 28*m**2 + 1172*m + 7025. Give a(-49).
18
Let u(w) = -20963*w - 62786. Give u(-3).
103
Let w(m) = m**3 + 489*m**2 + 4253*m - 381. Calculate w(-9).
222
Let z(v) = 79*v**2 - 219*v + 217. Determine z(1).
77
Let u(d) = -8*d**3 - 3*d**2 + 15069*d - 15066. Determine u(1).
-8
Let t(r) = -4*r**2 - 198*r + 3240. What is t(-62)?
140
Let y(h) = 4*h**2 + 361*h + 2223. What is y(-6)?
201
Let n(g) = 2*g**2 + 717*g - 297298. Give n(246).
116
Let q(j) = -140*j**3 + 839*j**2 + 417*j - 2482. What is q(6)?
-16
Let k(x) = 78891*x + 1104497. What is k(-14)?
23
Let u(a) = -6*a**2 - 13471*a + 53974. Determine u(4).
-6
Let r(j) = j**2 + 117*j - 1986. Calculate r(-136).
598
Let r(f) = 2*f**3 + 21*f**2 - 3947*f + 111. Calculate r(-50).
-39
Let g(r) = r**3 - 245*r**2 + 3008*r + 103. Determine g(13).
-1
Let g(y) = -68*y**2 - 1548*y + 137. Calculate g(-23).
-231
Let q(m) = -2*m**3 - 25*m**2 + 243*m - 87. Determine q(-19).
-11
Let r(v) = -14*v**3 - 60*v**2 + 493*v - 812. What is r(5)?
-1597
Let z(n) = n**2 + 237*n - 32352. What is z(97)?
46
Let o(t) = -2*t**3 - 194*t**2 - 1259*t + 27. Determine o(-90).
-63
Let j(w) = 290*w + 53452. Determine j(-183).
382
Let w(g) = -g**3 - 158*g**2 - 463*g - 691. Give w(-155).
-1001
Let f(s) = 3*s**3 - 241*s**2 - 15745*s + 88. What is f(123)?
-35
Let q(c) = 31*c**2 - 3698*c + 609. Determine q(119).
-462
Let w(g) = 97656*g - 97662. What is w(1)?
-6
Let h(d) = -d**3 + 127*d**2 + 503*d - 493. Give h(131).
-3244
Let d(j) = -86*j**3 + 6*j**2 + 120*j - 126. Give d(1).
-86
Let y(m) = -1380*m + 4895. Determine y(4).
-625
Let p(b) = 1002*b**2 + 956*b - 34. What is p(-1)?
12
Let u(o) = o**3 + o**2 - 13*o - 43. What is u(-13)?
-1902
Let o(w) = 10*w**3 - 36*w**2 + 3*w - 12. Give o(4).
64
Let f(s) = 1150977*s - 2301948. Give f(2).
6
Let u(m) = -6*m**2 - 28819*m + 173130. Give u(6).
0
Let h(t) = 937*t + 107754. Calculate h(-115).
-1
Let o(y) = -17109*y + 239530. Determine o(14).
4
Let p(v) = -11186*v**2 + 44729*v + 53. Calculate p(4).
-7
Let z(g) = 96*g + 8163. Give z(-85).
3
Let w(f) = -2*f**3 - 799*f**2 - 373*f + 10390. What is w(-399)?
16
Let d(c) = -3*c**3 + 32*c**2 - 103*c + 99. Determine d(9).
-423
Let s(a) = 658*a - 14380. Calculate s(22).
96
Let k(g) = -4*g**2 + 236*g + 13709. Calculate k(95).
29
Let x(v) = -3618*v - 42973. Calculate x(-12).
443
Let q(s) = -169*s**2 + 7586*s - 9. Determine q(45).
-864
Let k(v) = v**3 - 106*v**2 - 2967*v - 8946. Determine k(-20).
-6
Let k(q) = q**3 - 28*q**2 + 83*q - 448. Determine k(17).
-2216
Let c(o) = -80217*o + 17166430. Determine c(214).
-8
Let g(u) = -u**3 + 105*u**2 + 3884*u + 331. Determine g(134).
63
Let q(d) = d**3 + 31*d**2 + 6*d - 1811. Calculate q(-35).
-6921
Let m(v) = 464*v**2 - 122026*v - 1443. Give m(263).
135
Let l(f) = 17*f**2 - 811*f + 10102. Determine l(24).
430
Let l(i) = -686*i - 2208. Calculate l(-3).
-150
Let n(q) = 6547*q**2 - 2*q - 384. Calculate n(0).
-384
Let q(m) = 198*m - 33793. Give q(170).
-133
Let z(i) = 9*i**3 - 1599*i**2 + 1082*i - 3558. Give z(177).
-18
Let l(p) = 51*p**2 + 1912*p + 212. Calculate l(-38).
1200
Let y(q) = -q**3 - 1352*q**2 - 81218*q - 707. Give y(-63).
-14
Let a(n) = 9841*n + 157504. Calculate a(-16).
48
Let p(t) = -429*t**2 - 242*t + 374. Calculate p(2).
-1826
Let k(q) = -164*q**2 - 19687*q - 933. What is k(-120)?
-93
Let z(p) = -p**3 + 7*p**2 + 4557*p - 36438. Calculate z(8).
-46
Let p(n) = -2*n**2 - 15412*n + 402054. What is p(26)?
-10
Let r(v) = -4*v**3 + 9*v**2 + 100*v - 288. Calculate r(5).
-63
Let u(c) = -2096*c - 398383. What is u(-190)?
-143
Let j(f) = -23*f**2 + 683*f - 1078. Give j(28).
14
Let m(u) = -u**3 - 17*u**2 - 62*u + 148. Calculate m(-10).
68
Let c(l) = l**2 - 87*l + 498. Give c(63).
-1014
Let t(l) = 529404*l + 4235251. Determine t(-8).
19
Let l(r) = 201066*r + 6836239. What is l(-34)?
-5
Let n(g) = -2*g**2 - 299*g - 10083. Give n(-52).
57
Let h(g) = 875*g - 15483. What is h(18)?
267
Let r(a) = 129963*a - 779638. What is r(6)?
140
Let a(c) = 652*c - 127167. What is a(195)?
-27
Let n(i) = -2*i**3 + 19*i**2 + 105*i - 31. Give n(14).
-325
Let y(g) = -2767*g + 52775. What is y(19)?
202
Let q(p) = -17*p**2 + 841*p - 8919. Calculate q(34).
23
Let h(d) = d**3 + 430*d**2 - 29397*d - 173. Calculate h(60).
7
Let j(c) = -130*c + 305. Give j(5).
-345
Let y(a) = -2*a**3 + 32*a**2 - 74*a + 36. What is y(16)?
-1148
Let f(p) =